 tens digit of 86472894?
9
What is the tens digit of 596165772?
7
What is the thousands digit of 671176619?
6
What is the tens digit of 94802071?
7
What is the tens digit of 301244036?
3
What is the ten millions digit of 32277659?
3
What is the units digit of 1182210?
0
What is the thousands digit of 103969405?
9
What is the thousands digit of 31814970?
4
What is the hundred thousands digit of 3597732205?
7
What is the units digit of 1637907321?
1
What is the hundred millions digit of 1661590404?
6
What is the tens digit of 10577787?
8
What is the tens digit of 8657775856?
5
What is the hundred millions digit of 164284690?
1
What is the ten thousands digit of 29874811?
7
What is the billions digit of 2254214416?
2
What is the thousands digit of 31036322?
6
What is the hundreds digit of 415881660?
6
What is the millions digit of 80853126?
0
What is the hundreds digit of 219858610?
6
What is the hundreds digit of 162259431?
4
What is the hundreds digit of 404148811?
8
What is the hundred thousands digit of 298503904?
5
What is the thousands digit of 6315413185?
3
What is the millions digit of 658827928?
8
What is the ten thousands digit of 76850292?
5
What is the ten millions digit of 64960627?
6
What is the hundred thousands digit of 311387652?
3
What is the hundreds digit of 1522745?
7
What is the millions digit of 4062059?
4
What is the units digit of 83670666?
6
What is the units digit of 407442370?
0
What is the hundred millions digit of 148393600?
1
What is the ten thousands digit of 11520140?
2
What is the units digit of 1973276583?
3
What is the units digit of 5367621?
1
What is the hundred millions digit of 160000092?
1
What is the tens digit of 104293027?
2
What is the hundred millions digit of 573713289?
5
What is the millions digit of 212018278?
2
What is the hundred thousands digit of 274173627?
1
What is the thousands digit of 37485031?
5
What is the hundred thousands digit of 48209822?
2
What is the hundreds digit of 73213091?
0
What is the millions digit of 96702832?
6
What is the hundred thousands digit of 187924805?
9
What is the hundred thousands digit of 37308058?
3
What is the ten millions digit of 377659151?
7
What is the thousands digit of 393403427?
3
What is the units digit of 77780941?
1
What is the billions digit of 1381765935?
1
What is the hundred thousands digit of 7918583?
9
What is the tens digit of 1596376878?
7
What is the hundred thousands digit of 168197437?
1
What is the billions digit of 3153153683?
3
What is the millions digit of 3025739677?
5
What is the ten thousands digit of 11711799?
1
What is the hundred thousands digit of 46014380?
0
What is the hundreds digit of 347285514?
5
What is the millions digit of 205295998?
5
What is the ten millions digit of 36712255?
3
What is the hundred thousands digit of 789398582?
3
What is the millions digit of 1596576?
1
What is the hundred millions digit of 239021922?
2
What is the tens digit of 5570399423?
2
What is the tens digit of 253676358?
5
What is the ten millions digit of 719625331?
1
What is the tens digit of 126046330?
3
What is the tens digit of 2426525711?
1
What is the hundred thousands digit of 1765799824?
7
What is the thousands digit of 28611407?
1
What is the hundred millions digit of 274572133?
2
What is the hundred thousands digit of 57972211?
9
What is the hundreds digit of 4835989?
9
What is the thousands digit of 460576386?
6
What is the thousands digit of 3538949421?
9
What is the ten millions digit of 1181820665?
8
What is the hundreds digit of 3707577373?
3
What is the ten millions digit of 132121693?
3
What is the millions digit of 1135207844?
5
What is the hundred thousands digit of 127115658?
1
What is the hundred millions digit of 181911789?
1
What is the units digit of 1793323386?
6
What is the hundreds digit of 111273298?
2
What is the hundred thousands digit of 171021805?
0
What is the ten millions digit of 555197280?
5
What is the thousands digit of 678041384?
1
What is the tens digit of 167964779?
7
What is the millions digit of 133351110?
3
What is the thousands digit of 429152889?
2
What is the hundred millions digit of 5461698126?
4
What is the units digit of 137258734?
4
What is the tens digit of 965801109?
0
What is the thousands digit of 4448534?
8
What is the thousands digit of 210653976?
3
What is the hundred millions digit of 200184952?
2
What is the units digit of 34663329?
9
What is the ten millions digit of 1246866297?
4
What is the hundreds digit of 84978765?
7
What is the ten millions digit of 3280932790?
8
What is the hundred thousands digit of 367591808?
5
What is the ten millions digit of 664016998?
6
What is the millions digit of 18639484?
8
What is the hundred millions digit of 1209340294?
2
What is the thousands digit of 5479591629?
1
What is the millions digit of 2876757736?
6
What is the thousands digit of 278636674?
6
What is the hundred thousands digit of 68880838?
8
What is the ten thousands digit of 151825640?
2
What is the ten thousands digit of 22604631?
0
What is the tens digit of 34238067?
6
What is the hundreds digit of 12203070?
0
What is the millions digit of 2268203525?
8
What is the ten millions digit of 32312204?
3
What is the millions digit of 1760210132?
0
What is the hundred millions digit of 548571786?
5
What is the units digit of 416453726?
6
What is the millions digit of 7999597829?
9
What is the ten thousands digit of 25705031?
0
What is the hundreds digit of 982235670?
6
What is the ten millions digit of 142727182?
4
What is the tens digit of 45255405?
0
What is the units digit of 149528959?
9
What is the hundreds digit of 45821781?
7
What is the millions digit of 57412593?
7
What is the ten thousands digit of 77214516?
1
What is the tens digit of 145532741?
4
What is the tens digit of 654346709?
0
What is the ten millions digit of 42016174?
4
What is the millions digit of 765519470?
5
What is the ten thousands digit of 2381067914?
6
What is the thousands digit of 192246555?
6
What is the tens digit of 6558903342?
4
What is the millions digit of 63124101?
3
What is the units digit of 102858359?
9
What is the thousands digit of 11052167?
2
What is the hundreds digit of 1747874296?
2
What is the tens digit of 42066343?
4
What is the hundred thousands digit of 34570528?
5
What is the units digit of 6568449564?
4
What is the units digit of 1532783422?
2
What is the hundred thousands digit of 2055287140?
2
What is the billions digit of 1783812974?
1
What is the thousands digit of 4229745646?
5
What is the tens digit of 808238272?
7
What is the millions digit of 327250594?
7
What is the billions digit of 1477967579?
1
What is the hundred thousands digit of 1076836281?
8
What is the hundreds digit of 4591512123?
1
What is the ten thousands digit of 1229230828?
3
What is the billions digit of 5107575978?
5
What is the hundred thousands digit of 379580441?
5
What is the ten millions digit of 3765229877?
6
What is the billions digit of 1434411510?
1
What is the hundreds digit of 328213521?
5
What is the millions digit of 135259364?
5
What is the ten millions digit of 1531075764?
3
What is the ten millions digit of 805657345?
0
What is the units digit of 1190218350?
0
What is the ten thousands digit of 255324008?
2
What is the ten millions digit of 268186727?
6
What is the units digit of 473678766?
6
What is the units digit of 314516401?
1
What is the thousands digit of 62632871?
2
What is the ten thousands digit of 139945316?
4
What is the ten thousands digit of 15535354?
3
What is the tens digit of 4022894889?
8
What is the units digit of 44631176?
6
What is the hundreds digit of 146277180?
1
What is the hundreds digit of 1303173?
1
What is the thousands digit of 391765700?
5
What is the thousands digit of 730268590?
8
What is the thousands digit of 36755297?
5
What is the thousands digit of 5766226120?
6
What is the ten thousands digit of 47050207?
5
What is the millions digit of 1921161338?
1
What is the hundreds digit of 49935862?
8
What is the billions digit of 1558032824?
1
What is the hundred millions digit of 2238468622?
2
What is the billions digit of 1997721436?
1
What is the tens digit of 332099153?
5
What is the millions digit of 1497369962?
7
What is the hundred thousands digit of 